of 16538?
6
What is the tens digit of 518?
1
What is the units digit of 2478?
8
What is the units digit of 487?
7
What is the hundreds digit of 8033?
0
What is the units digit of 4871?
1
What is the hundreds digit of 219?
2
What is the ten thousands digit of 14382?
1
What is the tens digit of 66835?
3
What is the units digit of 8625?
5
What is the hundreds digit of 1363?
3
What is the ten thousands digit of 26100?
2
What is the tens digit of 5155?
5
What is the units digit of 432?
2
What is the ten thousands digit of 24366?
2
What is the units digit of 4782?
2
What is the thousands digit of 6550?
6
What is the units digit of 113564?
4
What is the units digit of 122?
2
What is the hundreds digit of 586?
5
What is the thousands digit of 4634?
4
What is the hundred thousands digit of 177579?
1
What is the units digit of 929?
9
What is the tens digit of 1072?
7
What is the tens digit of 20708?
0
What is the tens digit of 55931?
3
What is the hundreds digit of 5602?
6
What is the ten thousands digit of 13354?
1
What is the tens digit of 10189?
8
What is the thousands digit of 6626?
6
What is the hundreds digit of 1238?
2
What is the hundreds digit of 6038?
0
What is the units digit of 18885?
5
What is the ten thousands digit of 119378?
1
What is the ten thousands digit of 12428?
1
What is the hundreds digit of 1419?
4
What is the thousands digit of 10812?
0
What is the tens digit of 69016?
1
What is the tens digit of 233?
3
What is the units digit of 335?
5
What is the hundreds digit of 29494?
4
What is the ten thousands digit of 10252?
1
What is the thousands digit of 1029?
1
What is the units digit of 5956?
6
What is the units digit of 925?
5
What is the tens digit of 1385?
8
What is the tens digit of 40019?
1
What is the units digit of 28087?
7
What is the units digit of 2501?
1
What is the thousands digit of 1786?
1
What is the units digit of 2129?
9
What is the tens digit of 31456?
5
What is the hundreds digit of 7322?
3
What is the tens digit of 1850?
5
What is the units digit of 4178?
8
What is the hundreds digit of 21447?
4
What is the ten thousands digit of 18295?
1
What is the ten thousands digit of 25798?
2
What is the tens digit of 979?
7
What is the ten thousands digit of 10480?
1
What is the tens digit of 5019?
1
What is the units digit of 3382?
2
What is the thousands digit of 6125?
6
What is the ten thousands digit of 28776?
2
What is the thousands digit of 19235?
9
What is the units digit of 82630?
0
What is the thousands digit of 77117?
7
What is the ten thousands digit of 126638?
2
What is the hundreds digit of 16056?
0
What is the units digit of 3969?
9
What is the thousands digit of 3617?
3
What is the thousands digit of 32594?
2
What is the thousands digit of 4838?
4
What is the units digit of 94751?
1
What is the thousands digit of 49631?
9
What is the thousands digit of 2211?
2
What is the tens digit of 25806?
0
What is the hundreds digit of 2459?
4
What is the tens digit of 1470?
7
What is the tens digit of 36517?
1
What is the units digit of 7968?
8
What is the thousands digit of 1166?
1
What is the hundreds digit of 2702?
7
What is the tens digit of 8309?
0
What is the tens digit of 3140?
4
What is the units digit of 24497?
7
What is the thousands digit of 1370?
1
What is the hundreds digit of 29021?
0
What is the units digit of 25021?
1
What is the tens digit of 639?
3
What is the hundreds digit of 77312?
3
What is the tens digit of 1098?
9
What is the hundreds digit of 622?
6
What is the units digit of 950?
0
What is the hundreds digit of 87962?
9
What is the tens digit of 15678?
7
What is the thousands digit of 12855?
2
What is the units digit of 70?
0
What is the hundreds digit of 25365?
3
What is the units digit of 7733?
3
What is the ten thousands digit of 41872?
4
What is the units digit of 1424?
4
What is the tens digit of 956?
5
What is the hundreds digit of 185?
1
What is the hundreds digit of 20457?
4
What is the tens digit of 7578?
7
What is the tens digit of 8126?
2
What is the ten thousands digit of 47059?
4
What is the units digit of 3093?
3
What is the ten thousands digit of 14519?
1
What is the tens digit of 5594?
9
What is the thousands digit of 5983?
5
What is the thousands digit of 14746?
4
What is the tens digit of 20714?
1
What is the thousands digit of 17121?
7
What is the thousands digit of 45438?
5
What is the thousands digit of 1283?
1
What is the tens digit of 1361?
6
What is the ten thousands digit of 35617?
3
What is the tens digit of 593?
9
What is the ten thousands digit of 27738?
2
What is the thousands digit of 4164?
4
What is the hundreds digit of 1520?
5
What is the units digit of 18589?
9
What is the units digit of 57062?
2
What is the units digit of 323?
3
What is the tens digit of 250?
5
What is the tens digit of 15265?
6
What is the tens digit of 1663?
6
What is the units digit of 1081?
1
What is the thousands digit of 2073?
2
What is the tens digit of 829?
2
What is the tens digit of 951?
5
What is the thousands digit of 16717?
6
What is the tens digit of 28179?
7
What is the units digit of 289?
9
What is the hundreds digit of 31272?
2
What is the hundreds digit of 9576?
5
What is the ten thousands digit of 78292?
7
What is the units digit of 203?
3
What is the thousands digit of 28283?
8
What is the units digit of 6888?
8
What is the ten thousands digit of 30270?
3
What is the tens digit of 1621?
2
What is the tens digit of 9582?
8
What is the hundreds digit of 16533?
5
What is the hundreds digit of 897?
8
What is the thousands digit of 4419?
4
What is the thousands digit of 1703?
1
What is the thousands digit of 7817?
7
What is the hundreds digit of 1123?
1
What is the thousands digit of 1303?
1
What is the ten thousands digit of 11828?
1
What is the thousands digit of 110399?
0
What is the tens digit of 13709?
0
What is the units digit of 2141?
1
What is the units digit of 825?
5
What is the hundreds digit of 965?
9
What is the thousands digit of 108251?
8
What is the tens digit of 779?
7
What is the units digit of 654?
4
What is the thousands digit of 4455?
4
What is the tens digit of 28813?
1
What is the hundreds digit of 1941?
9
What is the hundreds digit of 3193?
1
What is the hundreds digit of 881?
8
What is the tens digit of 38172?
7
What is the thousands digit of 70377?
0
What is the thousands digit of 9974?
9
What is the units digit of 2311?
1
What is the thousands digit of 14499?
4
What is the thousands digit of 83658?
3
What is the tens digit of 15764?
6
What is the hundreds digit of 23455?
4
What is the thousands digit of 4245?
4
What is the tens digit of 4865?
6
What is the tens digit of 20214?
1
What is the tens digit of 66836?
3
What is the hundreds digit of 398?
3
What is the hundreds digit of 33639?
6
What is the ten thousands digit of 63588?
6
What is the ten thousands digit of 14638?
1
What is the units digit of 427?
7
What is the tens digit of 6894?
9
What is the tens digit of 2729?
2
What is the units digit of 1270?
0
What is the hundreds digit of 657?
6
What is the thousands digit of 6788?
6
What is the hundreds digit of 63946?
9
What is the units digit of 67484?
4
What is the units digit of 6746?
6
What is the tens digit of 45710?
1
What is the thousands digit of 2373?
2
What is the hundreds digit of 1136?
1
What is the units digit of 5984?
4
What is the thousands digit of 5029?
5
What is the ten thousands digit of 121319?
2
What is the hundreds digit of 2692?
6
What is the thousands digit of 18374?
8
What is the thousands digit of 67708?
7
What is the units digit of 900?
0
What is the hundreds digit of 352?
3
What is the thousands digit of 50345?
0
What is the units digit of 701?
1
What is the hundreds digit of 2893?
8
What is the units digit of 3690?
0
What is the thousands digit of 3648?
3
What is the tens digit of 1864?
6
What is the hundreds digit of 598?
5
What is the tens digit of 54722?
2
What is the hundreds digit of 223?
2
What is the units digit of 998?
8
What is the units digit of 2726?
6
What is the thousands digit of 9113?
9
What is the tens digit of 335?
3
What is the hundreds digit of 378?
3
What is the hundreds digit of 48600?
6
What is the tens digit of 645?
4
What is the hundreds digit of 37986?
9
What is the thousands digit of 14389?